 z(59). Calculate the greatest common factor of i and 3951.
9
Suppose -6*t + 9*t - 9 = 0. Suppose -t*r + 0*r + 2*q + 226 = 0, 2*r = -5*q + 119. Suppose 5*i - 389 + 349 = 0. Calculate the greatest common divisor of i and r.
8
Let c = 128352 + -61092. Calculate the highest common divisor of 285 and c.
285
Suppose 11*t - 38 = 92 + 46. Calculate the greatest common factor of t and 24.
8
Let i be 10467/4 - ((3/(-12) - 0) + -1). Calculate the highest common divisor of 17 and i.
17
Suppose 9462 = 4*o - 23*o + 57*o. What is the highest common divisor of o and 3?
3
Let x = 7414 + -7369. Suppose r - 64 - 56 = 0. What is the highest common divisor of x and r?
15
Let n = 101 - 98. Suppose -3*d + 299 + 88 = 3*j, n*j - 3*d = 393. What is the highest common divisor of j and 78?
26
Let o = -134 + 136. Let y be 1*o + (-11)/((-88)/2608). Calculate the highest common divisor of y and 16.
8
Let o be ((-1)/(-2))/(4/(-776)). Let y = -160 - o. Let a = y - -82. What is the highest common divisor of 57 and a?
19
Let f(p) = 28*p**2 + 3*p + 2. Let s = 78 + -62. Suppose 10 = 3*v + 4*g, 2*v - 5*g + 10*g - s = 0. Let z be f(v). What is the highest common factor of 12 and z?
12
Let u(x) = -x**2 + 12*x. Let k be u(10). Suppose 0 = k*g + 23 - 283. Calculate the highest common divisor of g and 39.
13
Let c be (15/6)/((45/(-9))/(-10)). What is the highest common factor of 6560 and c?
5
Let l be (-1)/1 - 1 - -13. Suppose -2*a + 324 = 2*a + 5*s, 2*a - s = 162. Suppose -8*c + 7 = -a. What is the greatest common factor of c and l?
11
Let i be (73*1)/((247/416)/19). Calculate the greatest common divisor of 438 and i.
146
Let b(f) = -f**3 + 6*f**2 + 9*f + 2. Let w be b(7). Let c = -12 + w. What is the highest common divisor of c and 2?
2
Suppose 2*v - 8 = 0, 78*v = 5*h + 74*v - 1594. Suppose t + t - 92 = 0. What is the greatest common factor of t and h?
46
Suppose 5*q = -3*u + 530, -9*u = -10*u + 5*q + 150. Let h = u - 110. What is the highest common divisor of 40 and h?
20
Let h(q) = -2*q + 93. Let r be h(45). Let y be 12/28 - (1089/(-7) + r). What is the highest common divisor of y and 18?
9
Suppose 5*f - z = 3*f + 91, -3*f + 6*z = -105. Let m = -17 - -24. Calculate the highest common factor of m and f.
7
Let q(n) = 52*n**3 - n**2 - 38*n + 37. Let u be q(1). Calculate the highest common factor of u and 200.
50
Let h(j) = j**3 + 9*j**2 + 8*j + 3. Let x be h(-6). Suppose -45*s - 10 = -40*s. Let q be x - (s - (-2 + 3)). Calculate the highest common divisor of q and 6.
6
Let u = 3658 - 62. Calculate the greatest common divisor of u and 116.
116
Let n(a) be the first derivative of 5*a**4 - a**3/3 + 51. Let f be n(2). Calculate the highest common divisor of f and 39.
39
Let i = 5685 - 2773. Calculate the highest common factor of i and 8.
8
Suppose -895*u = -5764 + 394. Suppose -k + 0*i + 29 = i, -15 = -3*i. What is the highest common divisor of k and u?
6
Suppose -18 = -2*w - 3*l, 5*w + l - 4*l - 24 = 0. Suppose -3*v = -w*v + 102. Let b = -26 + v. What is the highest common factor of b and 24?
8
Let l be (-173)/((-1925)/(-161) + -12). What is the highest common factor of 92 and l?
23
Let i be 9/(54/60)*3010/20. What is the greatest common divisor of 14 and i?
7
Let m = 76 - 73. Let w be -1 - (3 + 182)/(-5). Suppose w = 2*q - 4*h, -h + 0*h = m*q - 75. Calculate the highest common divisor of 12 and q.
12
Let r = 4804 - 4644. Calculate the greatest common divisor of 5680 and r.
80
Let k be (28/(-8) + 0 - 2)*28. Let n = -121 - k. What is the greatest common divisor of 297 and n?
33
Suppose 0 = 2*t - 19 - 29. Suppose 0 = -5*q - 3*f + 98, 2*f - 24 = -q - 3. Suppose 3462 = q*k - 642. Calculate the highest common factor of k and t.
24
Let g(i) = -15*i - 3. Let t be g(-7). Suppose t = 4*x - 154. Suppose 1263*w = 1267*w - 32. What is the highest common factor of w and x?
8
Suppose k - 12 = 5. Suppose 3*f = -3*w - w - 5, -3*f + 5 = -w. Calculate the highest common divisor of f and k.
1
Let a be 12/21 - 1488/(-42). Suppose 454 = 2*g + 2*k, 0 = 113*k - 110*k + 21. What is the highest common divisor of g and a?
18
Let z be (16 + -27)*1/(-4)*268. Let k = z + -633. What is the greatest common divisor of 39 and k?
13
Let x(s) = -6*s + 1. Let q be x(15). Let i = 92 + q. Suppose r - 8*f = -i*f + 12, -5*f = -5*r + 20. Calculate the highest common divisor of 34 and r.
2
Let o be ((-106)/(-8) + (-2 - -18) + -22)*4. What is the highest common divisor of 16559 and o?
29
Suppose 9*w - 5*u = 4*w + 18210, 0 = u + 2. Calculate the greatest common factor of 175 and w.
35
Let z be (-158)/(-36)*-16 - 4/(-18). Let f = -38 - z. Suppose -2*x + f = -48. What is the greatest common divisor of 20 and x?
20
Let z(n) = -4*n - 2*n**3 + 0 - 3 + 2*n**3 + 12*n**2 + 2*n**3 - 3*n**3. Let r be z(11). What is the greatest common factor of 74 and r?
74
Let a = 1315 - 1307. Let p be (-2 + 1)*11 - -1. Let q be (-1 - p/a)*12. What is the greatest common factor of q and 27?
3
Let j be (12 + 308)/4 - -3. Calculate the greatest common factor of j and 415.
83
Suppose s + 1930 + 213 = 5*j, j - 2*s = 425. What is the greatest common divisor of j and 1749?
33
Let w = -33894 - -37209. What is the greatest common divisor of 624 and w?
39
Let p = -10076 + 10576. What is the greatest common divisor of 22250 and p?
250
Suppose 22186 = 3*g + 5*p, -3*g = 2*p - 24601 + 2421. What is the greatest common divisor of g and 1617?
231
Suppose -1 = 6*x - 31. Suppose -3*q - 13 = -5*v - 5*q, 0 = 2*v + x*q - 1. Let m be 1 - -16 - (v - (3 - 3)). Calculate the highest common divisor of m and 35.
7
Let k(i) = 3*i**2 - 3*i + 9. Suppose 4*j + 5*p = -54 + 57, -3*p = 3. Let a be k(j). What is the highest common factor of 120 and a?
15
Let o = 29156 + -29042. Calculate the highest common divisor of o and 646.
38
Suppose -6768*c + 6773*c = 1550. Calculate the highest common divisor of c and 1922.
62
Let t be 14/(-56) - 3/((-12)/289). Let a = -12 - -21. What is the highest common divisor of a and t?
9
Let g = -75126 - -109874. Calculate the greatest common factor of 292 and g.
292
Suppose -53*m = -57*m + 620. Suppose -5*i - d = -46, 5*d - 2*d = -12. What is the greatest common factor of m and i?
5
Let c be (36/(-126) + 117/42)*-4. Let g be -6*16/60*1350/c. Calculate the highest common factor of 24 and g.
24
Suppose 2*r = -2*y + 240, -8089*r + 8084*r + 480 = 4*y. Let s be 2*-4*-2 - 1. What is the highest common factor of y and s?
15
Let r = 4944 - 4575. Calculate the greatest common divisor of 36 and r.
9
Let p(g) = g**2 + 8*g - 55. Let r be p(5). Calculate the greatest common factor of r and 19510.
10
Suppose 7*l - 352 = 3*l. Let p(j) = j**3 + 3*j**2 - 10*j - 20. Let b be p(-5). Let i = 28 + b. What is the greatest common factor of l and i?
8
Let j = 1 + 1. Let w be 214/(-2) - (27 + -26 - 3). Let o be w/(-63) + j/6. What is the greatest common divisor of 18 and o?
2
Suppose -5*x - 2*f + 0*f = -138, 4*f - 94 = -3*x. Let s(j) = -j**3 + 8*j**2 + 232*j + 266. Let c be s(-11). What is the greatest common factor of x and c?
13
Let t = 2145 + -2036. Calculate the highest common factor of 7 and t.
1
Suppose -14*x + 66*x - 31356 = 0. Calculate the highest common factor of 9 and x.
9
Let p = 9089 - 8476. Calculate the greatest common divisor of p and 1.
1
Let k = -794 - -795. Let g be 108/(-10)*(-135)/18 + k. What is the highest common divisor of g and 41?
41
Let n(x) = -1482*x + 26728. Let i be n(18). Suppose 2*p + 4*t = 484, t + 916 = 4*p - 4*t. What is the highest common factor of p and i?
26
Let r = 51 - 49. Suppose r*a + 189 = 5*a. Suppose 7*h - 4*h - a = 0. Calculate the greatest common factor of h and 21.
21
Let g be -17*(29 + (-12 - 18)). Suppose x + 2*x = 522. Suppose -28 = -q - 3*c, -5*q + 2*c + 0*c = -x. What is the greatest common divisor of q and g?
17
Let s = 2692 - 2680. Calculate the highest common factor of 1028 and s.
4
Let u be 2/(-6) + (-117)/(-27). Suppose 9 - 30 = -3*h - y, -3*y - 15 = -u*h. Let f = h - -58. Calculate the highest common divisor of f and 8.
8
Suppose -2*j + 4*j - 210 = 0. Let x(q) = 30*q**3 - 6*q + 6. Let f be x(1). What is the highest common factor of j and f?
15
Let l(w) = 309*w - 1528. Let v be l(5). Calculate the highest common divisor of 31127 and v.
17
Suppose 168 = 11*v - 7*v. Let q = 45 - v. Let o be -19*-33*((-5)/q)/(-5). What is 